613117?
1
What is the tens digit of 214934556?
5
What is the ten millions digit of 455712789?
5
What is the hundreds digit of 301029979?
9
What is the billions digit of 1082285917?
1
What is the hundreds digit of 1574140889?
8
What is the thousands digit of 6952174?
2
What is the hundred thousands digit of 3530429995?
4
What is the hundreds digit of 192866058?
0
What is the hundred thousands digit of 2519836514?
8
What is the hundred millions digit of 618238819?
6
What is the thousands digit of 5015278526?
8
What is the ten millions digit of 659458406?
5
What is the units digit of 513270217?
7
What is the thousands digit of 1540222397?
2
What is the tens digit of 13298729?
2
What is the ten thousands digit of 575503141?
0
What is the units digit of 442418324?
4
What is the hundred thousands digit of 137052977?
0
What is the hundred thousands digit of 4687930877?
9
What is the ten millions digit of 91722526?
9
What is the tens digit of 268024160?
6
What is the ten millions digit of 15097006?
1
What is the hundred thousands digit of 2685772?
6
What is the billions digit of 6241984326?
6
What is the millions digit of 122358525?
2
What is the units digit of 955701112?
2
What is the millions digit of 17714963?
7
What is the tens digit of 27681127?
2
What is the hundreds digit of 446867692?
6
What is the ten thousands digit of 80330739?
3
What is the hundred thousands digit of 2095809383?
8
What is the hundred thousands digit of 1791670961?
6
What is the millions digit of 459874662?
9
What is the millions digit of 29806433?
9
What is the ten millions digit of 1469627262?
6
What is the hundred millions digit of 376826563?
3
What is the millions digit of 240351190?
0
What is the millions digit of 4897745102?
7
What is the ten thousands digit of 261912330?
1
What is the units digit of 453691609?
9
What is the hundreds digit of 54960525?
5
What is the units digit of 82859671?
1
What is the hundred thousands digit of 109087128?
0
What is the millions digit of 296326203?
6
What is the millions digit of 621095339?
1
What is the ten millions digit of 36617790?
3
What is the tens digit of 233826695?
9
What is the hundred millions digit of 575469367?
5
What is the units digit of 178976967?
7
What is the millions digit of 6331855404?
1
What is the ten thousands digit of 83974244?
7
What is the tens digit of 78100088?
8
What is the ten thousands digit of 38243962?
4
What is the tens digit of 28177926?
2
What is the units digit of 697821277?
7
What is the thousands digit of 2806940?
6
What is the hundreds digit of 1503766937?
9
What is the thousands digit of 2457494822?
4
What is the ten millions digit of 462099180?
6
What is the ten millions digit of 3009638512?
0
What is the millions digit of 347881554?
7
What is the hundreds digit of 47261447?
4
What is the millions digit of 27136638?
7
What is the ten thousands digit of 700556045?
5
What is the thousands digit of 142906063?
6
What is the thousands digit of 23583370?
3
What is the hundred thousands digit of 2663373187?
3
What is the hundreds digit of 21733553?
5
What is the tens digit of 60143626?
2
What is the units digit of 7698495?
5
What is the hundred millions digit of 2240663127?
2
What is the ten millions digit of 2902543145?
0
What is the ten thousands digit of 192589323?
8
What is the hundred millions digit of 1613722491?
6
What is the hundreds digit of 188091444?
4
What is the ten millions digit of 6086103149?
8
What is the millions digit of 2810832812?
0
What is the ten millions digit of 391567497?
9
What is the billions digit of 1576144509?
1
What is the millions digit of 555117248?
5
What is the ten thousands digit of 47864272?
6
What is the ten thousands digit of 45669532?
6
What is the ten millions digit of 41364433?
4
What is the units digit of 573480418?
8
What is the units digit of 1502060219?
9
What is the millions digit of 274143111?
4
What is the units digit of 83860554?
4
What is the hundred millions digit of 138285642?
1
What is the thousands digit of 342105469?
5
What is the hundreds digit of 649332336?
3
What is the hundred thousands digit of 4307748486?
7
What is the tens digit of 809725148?
4
What is the hundreds digit of 862383847?
8
What is the hundred thousands digit of 23212190?
2
What is the billions digit of 3594489611?
3
What is the hundred thousands digit of 6278439768?
4
What is the tens digit of 108346523?
2
What is the units digit of 183820219?
9
What is the ten millions digit of 180856288?
8
What is the units digit of 42456351?
1
What is the hundred thousands digit of 137872675?
8
What is the hundreds digit of 3048821?
8
What is the thousands digit of 984563?
4
What is the units digit of 285336313?
3
What is the millions digit of 130677580?
0
What is the ten millions digit of 4275165705?
7
What is the billions digit of 3226532790?
3
What is the millions digit of 4028467026?
8
What is the thousands digit of 139254353?
4
What is the tens digit of 9668323?
2
What is the tens digit of 195099043?
4
What is the tens digit of 350904496?
9
What is the millions digit of 88333681?
8
What is the thousands digit of 584962041?
2
What is the thousands digit of 30948505?
8
What is the hundred thousands digit of 9621123?
6
What is the thousands digit of 6651695911?
5
What is the tens digit of 24842437?
3
What is the tens digit of 770849255?
5
What is the ten millions digit of 4194991955?
9
What is the hundreds digit of 843630?
6
What is the millions digit of 613214329?
3
What is the tens digit of 23483284?
8
What is the thousands digit of 3008618618?
8
What is the hundreds digit of 69455221?
2
What is the hundreds digit of 83340341?
3
What is the ten millions digit of 53238339?
5
What is the hundreds digit of 2248021499?
4
What is the ten thousands digit of 51211448?
1
What is the tens digit of 5337272704?
0
What is the millions digit of 45324175?
5
What is the hundred thousands digit of 4830578561?
5
What is the ten thousands digit of 20633366?
3
What is the units digit of 491470394?
4
What is the millions digit of 455285266?
5
What is the units digit of 216142613?
3
What is the units digit of 316566301?
1
What is the thousands digit of 209927858?
7
What is the hundred thousands digit of 140877684?
8
What is the hundred thousands digit of 9579226?
5
What is the thousands digit of 5590035?
0
What is the ten millions digit of 2904083733?
0
What is the ten millions digit of 38766116?
3
What is the hundreds digit of 4071682112?
1
What is the tens digit of 150439498?
9
What is the ten thousands digit of 2197449?
9
What is the tens digit of 267619576?
7
What is the units digit of 91270961?
1
What is the units digit of 538804382?
2
What is the ten thousands digit of 149415919?
1
What is the ten thousands digit of 3586122326?
2
What is the ten thousands digit of 28990151?
9
What is the units digit of 32023612?
2
What is the units digit of 46603363?
3
What is the units digit of 89285379?
9
What is the hundred millions digit of 618730333?
6
What is the ten millions digit of 80475042?
8
What is the ten thousands digit of 10391924?
9
What is the hundreds digit of 1160265449?
4
What is the ten thousands digit of 100734254?
3
What is the hundreds digit of 549059362?
3
What is the ten thousands digit of 3105084020?
8
What is the hundred millions digit of 5399065157?
3
What is the millions digit of 920698478?
0
What is the thousands digit of 4063690590?
0
What is the billions digit of 1728891529?
1
What is the hundreds digit of 546236018?
0
What is the ten millions digit of 80521707?
8
What is the units digit of 284379474?
4
What is the hundred millions digit of 1592001176?
5
What is the ten thousands digit of 77416209?
1
What is the hundred thousands digit of 440897318?
8
What is the ten thousands digit of 1530208099?
0
What is the hundred millions digit of 985667570?
9
What is the ten thousands digit of 867328333?
2
What is the hundred thousands digit of 711084151?
0
What is the thousands digit of 118610209?
0
What is the thousands digit of 235877129?
7
What is the hundred thousands digit of 7578653378?
6
What is the tens digit of 99674817?
1
What is the millions digit of 1252631547?
2
What is the billions digit of 1232715551?
1
What is the hundred thousands digit of 282597759?
5
What is the hu